prime factors of 22328.
2, 2791
List the prime factors of 2958.
2, 3, 17, 29
List the prime factors of 10216.
2, 1277
What are the prime factors of 10534?
2, 23, 229
List the prime factors of 14275.
5, 571
List the prime factors of 2053.
2053
List the prime factors of 1078.
2, 7, 11
List the prime factors of 20025.
3, 5, 89
List the prime factors of 11635.
5, 13, 179
List the prime factors of 916.
2, 229
What are the prime factors of 24695?
5, 11, 449
What are the prime factors of 10802?
2, 11, 491
What are the prime factors of 18326?
2, 7, 11, 17
What are the prime factors of 30731?
79, 389
What are the prime factors of 4553?
29, 157
List the prime factors of 23213.
139, 167
What are the prime factors of 14424?
2, 3, 601
List the prime factors of 55956.
2, 3, 4663
What are the prime factors of 35612?
2, 29, 307
What are the prime factors of 3112?
2, 389
List the prime factors of 20472.
2, 3, 853
List the prime factors of 1667.
1667
List the prime factors of 19774.
2, 9887
List the prime factors of 4507.
4507
What are the prime factors of 1726?
2, 863
List the prime factors of 1396.
2, 349
What are the prime factors of 131?
131
List the prime factors of 19513.
13, 19, 79
List the prime factors of 5619.
3, 1873
List the prime factors of 5894.
2, 7, 421
List the prime factors of 58521.
3, 19507
What are the prime factors of 33435?
3, 5, 743
List the prime factors of 2094.
2, 3, 349
List the prime factors of 30020.
2, 5, 19, 79
What are the prime factors of 103479?
3, 17, 2029
List the prime factors of 17939.
17939
List the prime factors of 1568.
2, 7
List the prime factors of 122835.
3, 5, 19, 431
List the prime factors of 840.
2, 3, 5, 7
What are the prime factors of 121342?
2, 13, 359
List the prime factors of 3896.
2, 487
What are the prime factors of 5549?
31, 179
List the prime factors of 9511.
9511
List the prime factors of 552.
2, 3, 23
What are the prime factors of 246?
2, 3, 41
What are the prime factors of 3511?
3511
What are the prime factors of 20920?
2, 5, 523
What are the prime factors of 49081?
49081
What are the prime factors of 21275?
5, 23, 37
What are the prime factors of 7735?
5, 7, 13, 17
What are the prime factors of 1389?
3, 463
What are the prime factors of 4826?
2, 19, 127
List the prime factors of 56996.
2, 14249
List the prime factors of 35366.
2, 17683
List the prime factors of 916.
2, 229
What are the prime factors of 552?
2, 3, 23
List the prime factors of 14057.
14057
List the prime factors of 60350.
2, 5, 17, 71
What are the prime factors of 53240?
2, 5, 11
List the prime factors of 3652.
2, 11, 83
List the prime factors of 150524.
2, 11, 311
What are the prime factors of 9200?
2, 5, 23
List the prime factors of 711.
3, 79
List the prime factors of 8801.
13, 677
What are the prime factors of 5016?
2, 3, 11, 19
What are the prime factors of 15594?
2, 3, 23, 113
List the prime factors of 10897.
17, 641
What are the prime factors of 3560?
2, 5, 89
List the prime factors of 21382.
2, 10691
List the prime factors of 5244.
2, 3, 19, 23
List the prime factors of 54008.
2, 43, 157
What are the prime factors of 887?
887
List the prime factors of 1963.
13, 151
What are the prime factors of 6233?
23, 271
List the prime factors of 58548.
2, 3, 7, 17, 41
List the prime factors of 286.
2, 11, 13
List the prime factors of 646.
2, 17, 19
What are the prime factors of 35708?
2, 79, 113
What are the prime factors of 8442?
2, 3, 7, 67
What are the prime factors of 464?
2, 29
What are the prime factors of 12839?
37, 347
List the prime factors of 3447.
3, 383
List the prime factors of 46912.
2, 733
List the prime factors of 120.
2, 3, 5
List the prime factors of 346.
2, 173
List the prime factors of 354.
2, 3, 59
What are the prime factors of 1941?
3, 647
What are the prime factors of 43508?
2, 73, 149
What are the prime factors of 5191?
29, 179
List the prime factors of 8391.
3, 2797
What are the prime factors of 3315?
3, 5, 13, 17
What are the prime factors of 93606?
2, 3, 15601
List the prime factors of 8132.
2, 19, 107
List the prime factors of 34697.
13, 17, 157
What are the prime factors of 10713?
3, 3571
List the prime factors of 553.
7, 79
What are the prime factors of 57004?
2, 14251
List the prime factors of 4097.
17, 241
What are the prime factors of 366?
2, 3, 61
List the prime factors of 66.
2, 3, 11
List the prime factors of 9773.
29, 337
What are the prime factors of 1421?
7, 29
What are the prime factors of 123586?
2, 61, 1013
List the prime factors of 868.
2, 7, 31
List the prime factors of 1754.
2, 877
What are the prime factors of 13915?
5, 11, 23
What are the prime factors of 5012?
2, 7, 179
What are the prime factors of 2798?
2, 1399
What are the prime factors of 1930?
2, 5, 193
What are the prime factors of 739?
739
List the prime factors of 96444.
2, 3, 19, 47
List the prime factors of 9383.
11, 853
List the prime factors of 2412.
2, 3, 67
List the prime factors of 6252.
2, 3, 521
List the prime factors of 202.
2, 101
List the prime factors of 202.
2, 101
List the prime factors of 2738.
2, 37
List the prime factors of 4096.
2
What are the prime factors of 494?
2, 13, 19
What are the prime factors of 1077?
3, 359
List the prime factors of 192.
2, 3
List the prime factors of 10344.
2, 3, 431
List the prime factors of 3816.
2, 3, 53
What are the prime factors of 13116?
2, 3, 1093
What are the prime factors of 50516?
2, 73, 173
List the prime factors of 7637.
7, 1091
What are the prime factors of 95666?
2, 31, 1543
What are the prime factors of 1351?
7, 193
What are the prime factors of 33131?
7, 4733
List the prime factors of 1300.
2, 5, 13
What are the prime factors of 1051?
1051
List the prime factors of 14001.
3, 13, 359
List the prime factors of 2434.
2, 1217
What are the prime factors of 50081?
61, 821
What are the prime factors of 2177?
7, 311
List the prime factors of 11860.
2, 5, 593
List the prime factors of 93117.
3, 31039
List the prime factors of 3734.
2, 1867
What are the prime factors of 5135?
5, 13, 79
What are the prime factors of 443?
443
List the prime factors of 3743.
19, 197
What are the prime factors of 92370?
2, 3, 5, 3079
What are the prime factors of 4465?
5, 19, 47
List the prime factors of 9820.
2, 5, 491
List the prime factors of 24886.
2, 23, 541
List the prime factors of 42397.
42397
What are the prime factors of 1298?
2, 11, 59
List the prime factors of 7954.
2, 41, 97
What are the prime factors of 850?
2, 5, 17
List the prime factors of 45710.
2, 5, 7, 653
What are the prime factors of 333?
3, 37
What are the prime factors of 957?
3, 11, 29
List the prime factors of 486.
2, 3
What are the prime factors of 4825?
5, 193
List the prime factors of 52978.
2, 26489
What are the prime factors of 647?
647
List the prime factors of 26630.
2, 5, 2663
List the prime factors of 4634.
2, 7, 331
What are the prime factors of 58357?
13, 67
What are the prime factors of 45176?
2, 5647
List the prime factors of 12041.
12041
What are the prime factors of 1419?
3, 11, 43
What are the prime factors of 20238?
2, 3, 3373
What are the prime factors of 1549?
1549
List the prime factors of 71.
71
What are the prime factors of 152?
2, 19
What are the prime factors of 32069?
32069
List the prime factors of 194.
2, 97
What are the prime factors of 420?
2, 3, 5, 7
List the prime factors of 89421.
3, 41, 727
What are the prime factors of 21789?
3, 269
List the prime factors of 3359.
3359
List the prime factors of 27832.
2, 7, 71
List the prime factors of 576.
2, 3
List the prime factors of 2817.
3, 313
What are the prime factors of 91875?
3, 5, 7
What are the prime factors of 11664?
2, 3
What are the prime factors of 9787?
9787
List the prime factors of 1221.
3, 11, 37
List the prime factors of 7193.
7193
List the prime factors of 909.
3, 101
What are the prime factors of 91593?
3, 10177
What are the prime factors of 79279?
79279
List the prime factors of 35925.
3, 5, 479
List the prime factors of 4930.
2, 5, 17, 29
List the prime factors of 50149.
11, 47, 97
List the prime factors of 567.
3, 7
What are the prime factors of 114833?
114833
List the prime factors of 799.
17, 47
List the prime factors of 37688.
2, 7, 673
What are the prime factors of 41371?
11, 3761
List the prime factors of 74518.
2, 19, 37, 53